{"id":917,"date":"2025-05-02T18:49:20","date_gmt":"2025-05-02T16:49:20","guid":{"rendered":"https:\/\/francoisbogaerteditions.com\/?post_type=product&#038;p=917"},"modified":"2025-06-02T00:01:22","modified_gmt":"2025-06-01T22:01:22","slug":"les-super-heros-du-trombone-vol-1","status":"publish","type":"product","link":"https:\/\/francoisbogaerteditions.com\/?product=les-super-heros-du-trombone-vol-1","title":{"rendered":"Les Super-H\u00e9ros du trombone Vol. 1"},"content":{"rendered":"<p>Les Super-H\u00e9ros du trombone.<\/p>\n<p>Recueil p\u00e9dagogique sour forme de duos pour trombone (2\u00e8me cycle).<\/p>\n<p>(Reproduit avec l&rsquo;aimable autorisation de Hal Leonard Europe)<\/p>\n<p>&nbsp;<\/p>\n","protected":false},"excerpt":{"rendered":"<p>Les Super-H\u00e9ros du trombone. Recueil p\u00e9dagogique sour forme de duos pour trombone (2\u00e8me cycle). (Reproduit avec l&rsquo;aimable autorisation de Hal Leonard Europe) &nbsp;<\/p>\n","protected":false},"featured_media":918,"comment_status":"open","ping_status":"closed","template":"","meta":[],"product_brand":[],"product_cat":[18],"product_tag":[31,32],"class_list":{"0":"post-917","1":"product","2":"type-product","3":"status-publish","4":"has-post-thumbnail","6":"product_cat-trombone","7":"product_tag-super-heros","8":"product_tag-trombone","10":"first","11":"instock","12":"shipping-taxable","13":"purchasable","14":"product-type-simple"},"_links":{"self":[{"href":"https:\/\/francoisbogaerteditions.com\/index.php?rest_route=\/wp\/v2\/product\/917","targetHints":{"allow":["GET"]}}],"collection":[{"href":"https:\/\/francoisbogaerteditions.com\/index.php?rest_route=\/wp\/v2\/product"}],"about":[{"href":"https:\/\/francoisbogaerteditions.com\/index.php?rest_route=\/wp\/v2\/types\/product"}],"replies":[{"embeddable":true,"href":"https:\/\/francoisbogaerteditions.com\/index.php?rest_route=%2Fwp%2Fv2%2Fcomments&post=917"}],"wp:featuredmedia":[{"embeddable":true,"href":"https:\/\/francoisbogaerteditions.com\/index.php?rest_route=\/wp\/v2\/media\/918"}],"wp:attachment":[{"href":"https:\/\/francoisbogaerteditions.com\/index.php?rest_route=%2Fwp%2Fv2%2Fmedia&parent=917"}],"wp:term":[{"taxonomy":"product_brand","embeddable":true,"href":"https:\/\/francoisbogaerteditions.com\/index.php?rest_route=%2Fwp%2Fv2%2Fproduct_brand&post=917"},{"taxonomy":"product_cat","embeddable":true,"href":"https:\/\/francoisbogaerteditions.com\/index.php?rest_route=%2Fwp%2Fv2%2Fproduct_cat&post=917"},{"taxonomy":"product_tag","embeddable":true,"href":"https:\/\/francoisbogaerteditions.com\/index.php?rest_route=%2Fwp%2Fv2%2Fproduct_tag&post=917"}],"curies":[{"name":"wp","href":"https:\/\/api.w.org\/{rel}","templated":true}]}}