{"id":123,"date":"2023-12-12T10:19:05","date_gmt":"2023-12-12T09:19:05","guid":{"rendered":"http:\/\/francoisbogaerteditions.com\/?post_type=product&#038;p=123"},"modified":"2025-05-18T10:29:34","modified_gmt":"2025-05-18T08:29:34","slug":"tour-de-piste-pour-tromboniste-francois-bogaert","status":"publish","type":"product","link":"https:\/\/francoisbogaerteditions.com\/?product=tour-de-piste-pour-tromboniste-francois-bogaert","title":{"rendered":"Tour de Piste pour Tromboniste &#8211; Fran\u00e7ois Bogaert"},"content":{"rendered":"<p><span style=\"color: #000000;\">Exercices d&rsquo;\u00e9chauffements pour les \u00e9l\u00e8ves de 1er cycle \u00e9crit par Fran\u00e7ois Bogaert, professeur au Conservatoire de Cambrai et Trombone Solo de l&rsquo;Op\u00e9ra de Rouen Normandie.<\/span><\/p>\n<p><span style=\"color: #000000;\">Ce premier cahier d&rsquo;exercices a pour but de d\u00e9finir quels sont les objectifs de technique instrumentale \u00e0 acqu\u00e9rir durant le premier cycle.<\/span><\/p>\n<p><span style=\"color: #000000;\">Recueil de 24 pages en format A4.<\/span><\/p>\n","protected":false},"excerpt":{"rendered":"<p>Exercices d&rsquo;\u00e9chauffements pour les \u00e9l\u00e8ves de 1er cycle \u00e9crit par Fran\u00e7ois Bogaert, professeur au Conservatoire de Cambrai et Trombone Solo de l&rsquo;Op\u00e9ra de Rouen Normandie. Ce premier cahier d&rsquo;exercices a&hellip; <\/p>\n","protected":false},"featured_media":124,"comment_status":"open","ping_status":"closed","template":"","meta":[],"product_brand":[],"product_cat":[22,18],"product_tag":[],"class_list":{"0":"post-123","1":"product","2":"type-product","3":"status-publish","4":"has-post-thumbnail","6":"product_cat-recueil-pedagogique","7":"product_cat-trombone","9":"first","10":"instock","11":"shipping-taxable","12":"purchasable","13":"product-type-simple"},"_links":{"self":[{"href":"https:\/\/francoisbogaerteditions.com\/index.php?rest_route=\/wp\/v2\/product\/123","targetHints":{"allow":["GET"]}}],"collection":[{"href":"https:\/\/francoisbogaerteditions.com\/index.php?rest_route=\/wp\/v2\/product"}],"about":[{"href":"https:\/\/francoisbogaerteditions.com\/index.php?rest_route=\/wp\/v2\/types\/product"}],"replies":[{"embeddable":true,"href":"https:\/\/francoisbogaerteditions.com\/index.php?rest_route=%2Fwp%2Fv2%2Fcomments&post=123"}],"wp:featuredmedia":[{"embeddable":true,"href":"https:\/\/francoisbogaerteditions.com\/index.php?rest_route=\/wp\/v2\/media\/124"}],"wp:attachment":[{"href":"https:\/\/francoisbogaerteditions.com\/index.php?rest_route=%2Fwp%2Fv2%2Fmedia&parent=123"}],"wp:term":[{"taxonomy":"product_brand","embeddable":true,"href":"https:\/\/francoisbogaerteditions.com\/index.php?rest_route=%2Fwp%2Fv2%2Fproduct_brand&post=123"},{"taxonomy":"product_cat","embeddable":true,"href":"https:\/\/francoisbogaerteditions.com\/index.php?rest_route=%2Fwp%2Fv2%2Fproduct_cat&post=123"},{"taxonomy":"product_tag","embeddable":true,"href":"https:\/\/francoisbogaerteditions.com\/index.php?rest_route=%2Fwp%2Fv2%2Fproduct_tag&post=123"}],"curies":[{"name":"wp","href":"https:\/\/api.w.org\/{rel}","templated":true}]}}