{"id":1027,"date":"2025-11-18T18:49:27","date_gmt":"2025-11-18T17:49:27","guid":{"rendered":"https:\/\/francoisbogaerteditions.com\/?post_type=product&#038;p=1027"},"modified":"2025-11-18T20:43:43","modified_gmt":"2025-11-18T19:43:43","slug":"musique-au-pied-du-sapin-saxophone","status":"publish","type":"product","link":"https:\/\/francoisbogaerteditions.com\/?product=musique-au-pied-du-sapin-saxophone","title":{"rendered":"Musique au pied du sapin &#8211; Saxophone"},"content":{"rendered":"<p>Musique au pied du sapin &#8211; Saxophone<\/p>\n<p>Recueil de chansons et d&rsquo;airs traditionnels de No\u00ebl avec accompagnement MP3. Version papier, recueil exp\u00e9di\u00e9 sous 48H.<\/p>\n<p>Retrouvez les accompagnements sur notre chaine youtube : Fran\u00e7ois Bogaert Editions &#8211; Musique au pied du sapin<\/p>\n","protected":false},"excerpt":{"rendered":"<p>Musique au pied du sapin &#8211; Saxophone Recueil de chansons et d&rsquo;airs traditionnels de No\u00ebl avec accompagnement MP3. Version papier, recueil exp\u00e9di\u00e9 sous 48H. Retrouvez les accompagnements sur notre chaine&hellip; <\/p>\n","protected":false},"featured_media":1028,"comment_status":"open","ping_status":"closed","template":"","meta":[],"product_brand":[],"product_cat":[34],"product_tag":[35,36],"class_list":{"0":"post-1027","1":"product","2":"type-product","3":"status-publish","4":"has-post-thumbnail","6":"product_cat-saxophone","7":"product_tag-musique-au-pied-du-sapin","8":"product_tag-saxophone","10":"first","11":"instock","12":"sale","13":"shipping-taxable","14":"purchasable","15":"product-type-simple"},"_links":{"self":[{"href":"https:\/\/francoisbogaerteditions.com\/index.php?rest_route=\/wp\/v2\/product\/1027","targetHints":{"allow":["GET"]}}],"collection":[{"href":"https:\/\/francoisbogaerteditions.com\/index.php?rest_route=\/wp\/v2\/product"}],"about":[{"href":"https:\/\/francoisbogaerteditions.com\/index.php?rest_route=\/wp\/v2\/types\/product"}],"replies":[{"embeddable":true,"href":"https:\/\/francoisbogaerteditions.com\/index.php?rest_route=%2Fwp%2Fv2%2Fcomments&post=1027"}],"wp:featuredmedia":[{"embeddable":true,"href":"https:\/\/francoisbogaerteditions.com\/index.php?rest_route=\/wp\/v2\/media\/1028"}],"wp:attachment":[{"href":"https:\/\/francoisbogaerteditions.com\/index.php?rest_route=%2Fwp%2Fv2%2Fmedia&parent=1027"}],"wp:term":[{"taxonomy":"product_brand","embeddable":true,"href":"https:\/\/francoisbogaerteditions.com\/index.php?rest_route=%2Fwp%2Fv2%2Fproduct_brand&post=1027"},{"taxonomy":"product_cat","embeddable":true,"href":"https:\/\/francoisbogaerteditions.com\/index.php?rest_route=%2Fwp%2Fv2%2Fproduct_cat&post=1027"},{"taxonomy":"product_tag","embeddable":true,"href":"https:\/\/francoisbogaerteditions.com\/index.php?rest_route=%2Fwp%2Fv2%2Fproduct_tag&post=1027"}],"curies":[{"name":"wp","href":"https:\/\/api.w.org\/{rel}","templated":true}]}}