{"id":947,"date":"2025-07-03T10:48:23","date_gmt":"2025-07-03T08:48:23","guid":{"rendered":"https:\/\/francoisbogaerteditions.com\/?page_id=947"},"modified":"2025-07-03T10:49:10","modified_gmt":"2025-07-03T08:49:10","slug":"francois-bogaert","status":"publish","type":"page","link":"https:\/\/francoisbogaerteditions.com\/?page_id=947","title":{"rendered":"Francois Bogaert"},"content":{"rendered":"\n<blockquote class=\"wp-block-quote is-layout-flow wp-block-quote-is-layout-flow\">\n<p><em>Soliste International, Artiste Antoine Courtois, Arranger &#8211; Orchestrateur<\/em><\/p>\n<\/blockquote>\n\n\n\n<p>N\u00e9 dans le Nord de la France, Fran\u00e7ois d\u00e9bute la musique sous l\u2019oeil bienveillant de sa famille dans l\u2019\u00e9cole de musique de la ville. Il choisit naturellement le trombone et rejoint rapidement le Conservatoire de Lille dans la classe de Christian Bogaert. Parall\u00e8lement \u00e0 ses \u00e9tudes de trombone, Fran\u00e7ois se lance dans l\u2019apprentissage de la percussion, de la contrebasse, du piano et de l\u2019orchestration. Il prendra \u00e9galement des&nbsp;cours d\u2019analyse et de direction d\u2019orchestre au CRR de Douai&nbsp;avec Pierre Vigneron.<\/p>\n\n\n\n<p>Fran\u00e7ois est de plus en plus sollicit\u00e9 pour son talent d\u2019arrangeur. En plus de son catalogue d\u00e9j\u00e0 \u00e9tendu, il travaille r\u00e9guli\u00e8rement avec de nombreux ensembles tels que Coups de Vents Wind Orchestra, The Five Brass Quintette, Lille Trombone Festival, No limit Orchestra, FilmHarmonic Brass, Paris 2024 \u2026 Il est membre de l\u2019Asmac (American Society of Music Arrangers and Composers) et fonde en 2017 sa propre maison d\u2019\u00e9ditions&nbsp;<a href=\"http:\/\/francoisbogaerteditions.com\/\">francoisbogaerteditions.com<\/a><\/p>\n\n\n\n<p>Fran\u00e7ois est \u00e9galement membre du comit\u00e9 de direction du plus grand et du plus prestigieux festival de trombone en Europe, le Lille Trombone Festival depuis 2011.<\/p>\n\n\n\n<p>Apr\u00e8s sa m\u00e9daille d\u2019or au CRR de Lille et au CRR de Boulogne Billancourt, Fran\u00e7ois est admis au Conservatoire National Sup\u00e9rieur de Musique de Paris dans la classe de Giles Milli\u00e8re, mais c\u2019est finalement \u00e0 Lyon que Fran\u00e7ois poursuit ses \u00e9tudes musicales apr\u00e8s avoir \u00e9t\u00e9 admis dans la classe de Michel Becquet.&nbsp;Apr\u00e8s un Bachelor en 2013, Fran\u00e7ois a obtenu son master en juin 2015 avec le sujet de th\u00e8se : \u00ab&nbsp;Silly Symphony of Walt Disney&nbsp;\u00bb. Il obtient \u00e9galement de nombreuses distinctions dans les classes d\u2019orchestrations et de musique \u00e0 l\u2019image.<\/p>\n\n\n\n<p>En 2015, Fran\u00e7ois est admis dans la prestigieuse University of Southern California Thornton Los Angeles pour un programme de sp\u00e9cialisation au m\u00e9tier d\u2019orchestre dans la classe de Terry Cravens et dans les classes d\u2019orchestration. Pendant plus de deux ans, il aura la chance d\u2019\u00e9voluer dans le monde musical le plus \u00e9clectique de la plan\u00e8te et c\u00f4toyer les plus grands musiciens d\u2019orchestres et de studios et les plus grands orchestrateurs de musique de films. Il sera brillamment dipl\u00f4m\u00e9 en mai 2017. #Fighton<\/p>\n\n\n\n<p>Apr\u00e8s un concert avec l\u2019USC Thornton Symphony au Walt Disney Concert Hall et une fantastique Symphonie Alpestre, Fran\u00e7ois devient artiste Antoine Courtois USA.<\/p>\n\n\n\n<p>Depuis son retour en France, Fran\u00e7ois enseigne le trombone au Conservatoire de Cambrai.<\/p>\n\n\n\n<p>Il travaille r\u00e9guli\u00e8rement avec l\u2019Orchestre National de Lille, Downey Symphony, Berverly Hills Symphony, l\u2019Orchestre National de Lyon, l\u2019Orchestre de l\u2019Op\u00e9ra de Paris, Socal Brass Consortium et l\u2019Op\u00e9ra de Rouen Normandie.<\/p>\n\n\n\n<p>Il est \u00e9galement r\u00e9p\u00e9titeur des orchestres pour les spectacles de Disneyland Paris.<\/p>\n\n\n\n<p>Depuis 2018, Fran\u00e7ois a la chance de partir r\u00e9guli\u00e8rement en tourn\u00e9e et repr\u00e9senter l\u2019\u00e9cole de trombone fran\u00e7aise avec son duo Trombone et Marimba autour d\u2019un programme de musique fran\u00e7aise en Am\u00e9rique, en Europe et en Asie.<\/p>\n\n\n\n<p>Il est membre du Quatuor Qu4tre \u00e0 4 depuis 2017.<\/p>\n\n\n<div class=\"wp-block-image\">\n<figure class=\"aligncenter size-large is-resized\"><img loading=\"lazy\" decoding=\"async\" width=\"632\" height=\"1024\" src=\"https:\/\/francoisbogaerteditions.com\/wp-content\/uploads\/2025\/07\/Corpo_DSC7721_AntoineC-632x1024.jpg\" alt=\"\" class=\"wp-image-948\" style=\"width:312px;height:auto\" srcset=\"https:\/\/francoisbogaerteditions.com\/wp-content\/uploads\/2025\/07\/Corpo_DSC7721_AntoineC-632x1024.jpg 632w, https:\/\/francoisbogaerteditions.com\/wp-content\/uploads\/2025\/07\/Corpo_DSC7721_AntoineC-185x300.jpg 185w, https:\/\/francoisbogaerteditions.com\/wp-content\/uploads\/2025\/07\/Corpo_DSC7721_AntoineC-768x1245.jpg 768w, https:\/\/francoisbogaerteditions.com\/wp-content\/uploads\/2025\/07\/Corpo_DSC7721_AntoineC-948x1536.jpg 948w, https:\/\/francoisbogaerteditions.com\/wp-content\/uploads\/2025\/07\/Corpo_DSC7721_AntoineC-1263x2048.jpg 1263w, https:\/\/francoisbogaerteditions.com\/wp-content\/uploads\/2025\/07\/Corpo_DSC7721_AntoineC-600x973.jpg 600w, https:\/\/francoisbogaerteditions.com\/wp-content\/uploads\/2025\/07\/Corpo_DSC7721_AntoineC-scaled.jpg 1579w\" sizes=\"auto, (max-width: 632px) 100vw, 632px\" \/><\/figure>\n<\/div>\n\n\n<figure class=\"wp-block-gallery has-nested-images columns-default is-cropped wp-block-gallery-1 is-layout-flex wp-block-gallery-is-layout-flex\">\n<figure class=\"wp-block-image size-large\"><img loading=\"lazy\" decoding=\"async\" width=\"1024\" height=\"1024\" data-id=\"952\" src=\"https:\/\/francoisbogaerteditions.com\/wp-content\/uploads\/2025\/07\/Flower_DSC7970-1-1024x1024.jpg\" alt=\"\" class=\"wp-image-952\" srcset=\"https:\/\/francoisbogaerteditions.com\/wp-content\/uploads\/2025\/07\/Flower_DSC7970-1-1024x1024.jpg 1024w, https:\/\/francoisbogaerteditions.com\/wp-content\/uploads\/2025\/07\/Flower_DSC7970-1-300x300.jpg 300w, https:\/\/francoisbogaerteditions.com\/wp-content\/uploads\/2025\/07\/Flower_DSC7970-1-150x150.jpg 150w, https:\/\/francoisbogaerteditions.com\/wp-content\/uploads\/2025\/07\/Flower_DSC7970-1-768x768.jpg 768w, https:\/\/francoisbogaerteditions.com\/wp-content\/uploads\/2025\/07\/Flower_DSC7970-1-1536x1536.jpg 1536w, https:\/\/francoisbogaerteditions.com\/wp-content\/uploads\/2025\/07\/Flower_DSC7970-1-600x600.jpg 600w, https:\/\/francoisbogaerteditions.com\/wp-content\/uploads\/2025\/07\/Flower_DSC7970-1-100x100.jpg 100w, https:\/\/francoisbogaerteditions.com\/wp-content\/uploads\/2025\/07\/Flower_DSC7970-1.jpg 1856w\" sizes=\"auto, (max-width: 1024px) 100vw, 1024px\" \/><\/figure>\n\n\n\n<figure class=\"wp-block-image size-large\"><img loading=\"lazy\" decoding=\"async\" width=\"1024\" height=\"1024\" data-id=\"953\" src=\"https:\/\/francoisbogaerteditions.com\/wp-content\/uploads\/2025\/07\/Flower3_DSC7970-1024x1024.jpg\" alt=\"\" class=\"wp-image-953\" srcset=\"https:\/\/francoisbogaerteditions.com\/wp-content\/uploads\/2025\/07\/Flower3_DSC7970-1024x1024.jpg 1024w, https:\/\/francoisbogaerteditions.com\/wp-content\/uploads\/2025\/07\/Flower3_DSC7970-300x300.jpg 300w, https:\/\/francoisbogaerteditions.com\/wp-content\/uploads\/2025\/07\/Flower3_DSC7970-150x150.jpg 150w, https:\/\/francoisbogaerteditions.com\/wp-content\/uploads\/2025\/07\/Flower3_DSC7970-768x768.jpg 768w, https:\/\/francoisbogaerteditions.com\/wp-content\/uploads\/2025\/07\/Flower3_DSC7970-1536x1536.jpg 1536w, https:\/\/francoisbogaerteditions.com\/wp-content\/uploads\/2025\/07\/Flower3_DSC7970-600x600.jpg 600w, https:\/\/francoisbogaerteditions.com\/wp-content\/uploads\/2025\/07\/Flower3_DSC7970-100x100.jpg 100w, https:\/\/francoisbogaerteditions.com\/wp-content\/uploads\/2025\/07\/Flower3_DSC7970.jpg 1856w\" sizes=\"auto, (max-width: 1024px) 100vw, 1024px\" \/><\/figure>\n\n\n\n<figure class=\"wp-block-image size-large\"><img loading=\"lazy\" decoding=\"async\" width=\"683\" height=\"1024\" data-id=\"951\" src=\"https:\/\/francoisbogaerteditions.com\/wp-content\/uploads\/2025\/07\/WhatsApp-Image-2025-06-25-at-11.39.41-1-683x1024.jpeg\" alt=\"\" class=\"wp-image-951\" srcset=\"https:\/\/francoisbogaerteditions.com\/wp-content\/uploads\/2025\/07\/WhatsApp-Image-2025-06-25-at-11.39.41-1-683x1024.jpeg 683w, https:\/\/francoisbogaerteditions.com\/wp-content\/uploads\/2025\/07\/WhatsApp-Image-2025-06-25-at-11.39.41-1-200x300.jpeg 200w, https:\/\/francoisbogaerteditions.com\/wp-content\/uploads\/2025\/07\/WhatsApp-Image-2025-06-25-at-11.39.41-1-768x1152.jpeg 768w, https:\/\/francoisbogaerteditions.com\/wp-content\/uploads\/2025\/07\/WhatsApp-Image-2025-06-25-at-11.39.41-1-1024x1536.jpeg 1024w, https:\/\/francoisbogaerteditions.com\/wp-content\/uploads\/2025\/07\/WhatsApp-Image-2025-06-25-at-11.39.41-1-600x900.jpeg 600w, https:\/\/francoisbogaerteditions.com\/wp-content\/uploads\/2025\/07\/WhatsApp-Image-2025-06-25-at-11.39.41-1.jpeg 1067w\" sizes=\"auto, (max-width: 683px) 100vw, 683px\" \/><\/figure>\n<\/figure>\n","protected":false},"excerpt":{"rendered":"<p>Soliste International, Artiste Antoine Courtois, Arranger &#8211; Orchestrateur N\u00e9 dans le Nord de la France, Fran\u00e7ois d\u00e9bute la musique sous l\u2019oeil bienveillant de sa famille dans l\u2019\u00e9cole de musique de&hellip; <\/p>\n","protected":false},"author":1,"featured_media":0,"parent":0,"menu_order":0,"comment_status":"closed","ping_status":"closed","template":"","meta":{"footnotes":""},"class_list":["post-947","page","type-page","status-publish","hentry"],"_links":{"self":[{"href":"https:\/\/francoisbogaerteditions.com\/index.php?rest_route=\/wp\/v2\/pages\/947","targetHints":{"allow":["GET"]}}],"collection":[{"href":"https:\/\/francoisbogaerteditions.com\/index.php?rest_route=\/wp\/v2\/pages"}],"about":[{"href":"https:\/\/francoisbogaerteditions.com\/index.php?rest_route=\/wp\/v2\/types\/page"}],"author":[{"embeddable":true,"href":"https:\/\/francoisbogaerteditions.com\/index.php?rest_route=\/wp\/v2\/users\/1"}],"replies":[{"embeddable":true,"href":"https:\/\/francoisbogaerteditions.com\/index.php?rest_route=%2Fwp%2Fv2%2Fcomments&post=947"}],"version-history":[{"count":2,"href":"https:\/\/francoisbogaerteditions.com\/index.php?rest_route=\/wp\/v2\/pages\/947\/revisions"}],"predecessor-version":[{"id":955,"href":"https:\/\/francoisbogaerteditions.com\/index.php?rest_route=\/wp\/v2\/pages\/947\/revisions\/955"}],"wp:attachment":[{"href":"https:\/\/francoisbogaerteditions.com\/index.php?rest_route=%2Fwp%2Fv2%2Fmedia&parent=947"}],"curies":[{"name":"wp","href":"https:\/\/api.w.org\/{rel}","templated":true}]}}