{"id":3,"date":"2023-12-08T17:36:37","date_gmt":"2023-12-08T16:36:37","guid":{"rendered":"http:\/\/francoisbogaerteditions.com\/?page_id=3"},"modified":"2024-01-05T19:08:11","modified_gmt":"2024-01-05T18:08:11","slug":"politique-de-confidentialite","status":"publish","type":"page","link":"https:\/\/francoisbogaerteditions.com\/?page_id=3","title":{"rendered":"Conditions g\u00e9n\u00e9rales de ventes"},"content":{"rendered":"\n<p><strong>Pr\u00e9ambule :&nbsp;<\/strong><\/p>\n\n\n\n<p>Le site internet de <em>Fran\u00e7ois Bogaert Editions<\/em> est un site de commerce \u00e9lectronique accessible par le r\u00e9seau Internet \u00e0 l\u2019adresse <a href=\"http:\/\/www.francoisbogaerteditions.com\/\">www.francoisbogaerteditions.com<\/a>. Il est ouvert \u00e0 tous. Le site permet de proposer \u00e0 la vente des produits \u00e0 des internautes naviguant sur le site.&nbsp;<\/p>\n\n\n\n<p>Les conditions g\u00e9n\u00e9rales de vente d\u00e9taill\u00e9es ci-dessous, ont pour objet de d\u00e9finir et de r\u00e9gir, exclusivement \u00e0 raison des relations client, les relations contractuelles (droit et obligations) entre tout utilisateur du site et <em>Fran\u00e7ois Bogaert Editions<\/em>, propri\u00e9t\u00e9 de <em>Mr. Fran\u00e7ois Bogaert<\/em>, dont le si\u00e8ge est au 88 rue Casimir Beugnet, 62470 Camblain Chatelain, France, et inscrite au Registre du Commerce et des Soci\u00e9t\u00e9s de France sous le num\u00e9ro d\u2019identification : (831 616 784)<\/p>\n\n\n\n<p>Le client qui souhaite acheter sur le site d\u00e9clare avoir la peine capacit\u00e9 juridique lui permettant de s\u2019engager au titre des pr\u00e9sentes Conditions G\u00e9n\u00e9rales.&nbsp;<\/p>\n\n\n\n<p><strong>Les pr\u00e9sentes Conditions G\u00e9n\u00e9rales de vente d\u00e9finissent le cadre des relations commerciales \u00e9tablies entre la soci\u00e9t\u00e9 Fran\u00e7ois Bogaert Editions et ses clients. Un contrat existe au moment de la validation du paiement, les Conditions G\u00e9n\u00e9rales de ventes sont alors r\u00e9put\u00e9es lues et approuv\u00e9es.<\/strong><\/p>\n\n\n\n<p>Fran\u00e7ois Bogaert Editions peut \u00e0 tout moment mettre \u00e0 jour les pr\u00e9sentes Conditions G\u00e9n\u00e9rales.<\/p>\n\n\n\n<p><strong>Article 1 : Paiement<\/strong><\/p>\n\n\n\n<p>Le syst\u00e8me de paiement s\u00e9curis\u00e9 de site est con\u00e7u pour que le client ait la possibilit\u00e9 de consulter et de prendre\u00a0connaissance des Conditions G\u00e9n\u00e9rales avant de r\u00e9aliser son achat du\/des produit(s). <\/p>\n\n\n\n<p><strong>Article 2 : Produits&nbsp;<\/strong><\/p>\n\n\n\n<p>Le client doit disposer d\u2019un ordinateur ou d\u2019un smartphone, d\u2019un acc\u00e8s \u00e0 internet et d\u2019une imprimante. La performance du service peut \u00eatre affect\u00e9e par la qualit\u00e9 de ces facteurs.&nbsp;<\/p>\n\n\n\n<p>La soci\u00e9t\u00e9 <em>Fran\u00e7ois Bogaert Editions<\/em> distribue des partitions de musique sous format PDF en priorit\u00e9, l&rsquo;impression est disponible sur demande.<\/p>\n\n\n\n<p>Les fichiers PDF peuvent \u00eatre lus et imprim\u00e9s gr\u00e2ce au logiciel <em>Acrobat Reader<\/em> disponible \u00e0 cette adresse : <a href=\"http:\/\/get.adobe.com\/fr\/reader\/\">http:\/\/get.adobe.com\/fr\/reader\/<\/a><\/p>\n\n\n\n<p>Les fichiers PDF sont \u00e0 imprimer par le client. <strong>Une seule impression est autoris\u00e9e par partition achet\u00e9e.<\/strong><\/p>\n\n\n\n<p><\/p>\n\n\n\n<p>Quelques temps apr\u00e8s l\u2019achat (environ 24h), le client recevra un email contenant sa facture ainsi qu\u2019un lien s\u00e9curis\u00e9 vers le ou les fichiers PDF achet\u00e9s. Le client dispose de 24 heures pour t\u00e9l\u00e9charger son fichier PDF, pass\u00e9 ce d\u00e9lai, ce fichier sera supprim\u00e9 de nos serveurs.<\/p>\n\n\n\n<p>Il n\u2019est oppos\u00e9 aucune limitation g\u00e9ographique \u00e0 la vente des produits.<\/p>\n\n\n\n<p>En tout \u00e9tat de cause, tout retard de livraison ne peut donner lieu \u00e0 dommages et int\u00e9r\u00eats, retenue ou annulation des commandes en cours.<\/p>\n\n\n\n<p><strong>Article 3 : Prix<\/strong><\/p>\n\n\n\n<p>Les prix des produits sont indiqu\u00e9s HT (TVA non applicable, art. 293 B du CGI)<\/p>\n\n\n\n<p>Toues les commandes, quelle que soit leur origine, sont payables en Euros.<\/p>\n\n\n\n<p>Le paiement de la totalit\u00e9 du prix doit \u00eatre r\u00e9alis\u00e9 lors de la commande. A aucun moment, les sommes vers\u00e9es ne pourront \u00eatre consid\u00e9r\u00e9es comme des arrhes ou des acomptes.<\/p>\n\n\n\n<p>Le prix de la livraison est fix\u00e9e \u00e0 5 Euros pour les partitions imprim\u00e9es.<\/p>\n\n\n\n<p>L\u2019acheteur peut choisir diff\u00e9rents moyens de paiement : Carte Bleu, Visa, Mastercard ou via la plateforme de Paiement s\u00e9curis\u00e9e Paypal.<\/p>\n\n\n\n<p><em>Fran\u00e7ois Bogaert Editions<\/em> se r\u00e9serve le droit de modifier le prix des produits propos\u00e9s sur le site, \u00e0 tout moment, sans aucun pr\u00e9avis ou mention pr\u00e9alable, mais les produits seront factur\u00e9s sur la base des tarifs en vigueur au moment de l\u2019enregistrement de la commande, sous r\u00e9serve n\u00e9anmoins de la disponibilit\u00e9.<\/p>\n\n\n\n<p><strong>Article 4 : Confirmation d\u2019une commande&nbsp;<\/strong><\/p>\n\n\n\n<p>Lorsque l\u2019acheteur a valid\u00e9 sa commande et son paiement, un mail lui est envoy\u00e9. Ce mail r\u00e9capitule les nature, quantit\u00e9 et prix des produits command\u00e9s, ainsi que le montant total de la commande, les coordonn\u00e9es de l\u2019utilisateur, la m\u00e9thode de paiement choisie. Cette confirmation reprend l\u2019ensemble des \u00e9l\u00e9ments constitutifs du contrat intervenu entre les diff\u00e9rentes parties.<\/p>\n\n\n\n<p>Les donn\u00e9es enregistr\u00e9s par notre site constituent la preuve de l\u2019ensemble des transactions pass\u00e9es entre <em>Fran\u00e7ois Bogaert Editions<\/em> et l\u2019acheteur. En cas de conflit entre les deux parties sur une transaction effectu\u00e9e sur le site, les donn\u00e9es enregistr\u00e9es par <em>Fran\u00e7ois Bogaert Editions<\/em> sont consid\u00e9r\u00e9es comme preuve irr\u00e9fragable du contenu de la transaction.<\/p>\n\n\n\n<p>La commande est alors exp\u00e9di\u00e9e par email sous un d\u00e9lai de 1 ou 2 jours.&nbsp;<\/p>\n\n\n\n<p><strong>Article 5 : R\u00e9clamations et Droits de R\u00e9tractation<\/strong><\/p>\n\n\n\n<p>Les produits immat\u00e9riels (partitions PDF) fournis par <em>Fran\u00e7ois Bogaert Editions <\/em>sont consid\u00e9r\u00e9s comme \u00e9tant des services dans l\u2019encadrement des r\u00e9gulations de protection des consommateurs (Vente \u00e0 distance) de 2000.<\/p>\n\n\n\n<p>En raison de la nature des services offerts sur le site, l\u2019utilisateur et l\u2019acheteur acceptent de n\u2019exercer aucun droit de retour ou d\u2019annulation.&nbsp;<\/p>\n\n\n\n<p>Toute r\u00e9clamation et\/ou contestation de l\u2019acheteur \u00e0 l\u2019encontre de <em>Fran\u00e7ois Bogaert Editions<\/em> devra \u00eatre formul\u00e9e, sur simple envoi d\u2019e-mail, au plus tard 48 heures ouvr\u00e9es \u00e0 compter de l\u2019achat. <em>Fran\u00e7ois Bogaert Editions<\/em> se r\u00e9servera le droit de donner suite ou non, de rembourser ou non, ou d\u2019offrir l\u2019\u00e9quivalent du produit en forme de bon d\u2019achat ou non.&nbsp;<\/p>\n\n\n\n<p><strong>Article 6 : Service Client\u00e8le&nbsp;<\/strong><\/p>\n\n\n\n<p>Pour toute information ou question, notre service client\u00e8le est \u00e0 votre disposition aux horaires de bureaux :&nbsp;<\/p>\n\n\n\n<p>\u2022 par e-mail\u00a0:\u00a0boutique@francoisbogaerteditions.com\u00a0<\/p>\n\n\n\n<p>\u2022 sur la section contact du site <a href=\"http:\/\/www.francoisbogaerteditions.com\/\">www.francoisbogaerteditions.com<\/a><\/p>\n\n\n\n<p><strong>Article 7 : Obligation de <em>Fran\u00e7ois Bogaert Editions<\/em><\/strong><\/p>\n\n\n\n<p><em>Fran\u00e7ois Bogaert Editions<\/em> est tenue \u00e0 une obligation de moyens dans toutes les \u00e9tapes d\u2019\u00e9change avec l\u2019acheteur, notamment dans les \u00e9tapes suivantes :&nbsp;<\/p>\n\n\n\n<p>\u2022 Acc\u00e8s au site<\/p>\n\n\n\n<p>\u2022 Processus de commande<\/p>\n\n\n\n<p>\u2022 Livraison (et t\u00e9l\u00e9chargement)<\/p>\n\n\n\n<p>\u2022 Services post\u00e9rieurs \u00e0 la vente<\/p>\n\n\n\n<p><em>Fran\u00e7ois Bogaert Editions <\/em>ne peut voir sa responsabilit\u00e9 engag\u00e9e pour tous les dommages et\/ou inconv\u00e9nients li\u00e9s \u00e0 l\u2019usage du r\u00e9seau internet tels que :&nbsp;<\/p>\n\n\n\n<p>\u2022 Coupure de liaison<\/p>\n\n\n\n<p>\u2022 Pr\u00e9sence de virus informatique<\/p>\n\n\n\n<p>\u2022 Tout cas de force majeure li\u00e9e au r\u00e9seau internet<\/p>\n\n\n\n<p>Les articles propos\u00e9s \u00e0 la vente sont conformes \u00e0 la l\u00e9gislation fran\u00e7aise en vigueur. <em>Fran\u00e7ois Bogaert Editions <\/em>ne peut \u00eatre tenue responsable dans l\u2019\u00e9ventualit\u00e9 ou un produit ne respecterait pas la l\u00e9gislation d\u2019un pays de livraison.<\/p>\n\n\n\n<p>Les produits immat\u00e9riels repr\u00e9sentant des partitions musicales au format num\u00e9rique seront livr\u00e9s par d\u00e9faut au format Adobe Acrobat. Afin de visualiser ces partitions, l\u2019utilisateur devra utiliser le logiciel recommand\u00e9.&nbsp;<\/p>\n\n\n\n<p><strong>Article 8 : Obligation de l\u2019acheteur<\/strong><\/p>\n\n\n\n<p>L\u2019acheteur s\u2019engage \u00e0 v\u00e9rifier que son installation informatique lui permet la r\u00e9ception, la lecture et plus g\u00e9n\u00e9ralement l\u2019utilisation des produits figurant sur le site de <em>Fran\u00e7ois Bogaert Editions.<\/em><\/p>\n\n\n\n<p>L\u2019acheteur s\u2019engage \u00e0 utiliser les produits figurant sur le site sans leur enlever leurs marques et logos.<\/p>\n\n\n\n<p>L\u2019acheteur s\u2019engage \u00e0 utiliser les produits figurant sur le site \u00e0 titre personnel ou professionnel uniquement.<\/p>\n\n\n\n<p>L\u2019acheteur s\u2019engage \u00e0 payer \u00e0 la commande le prix des produits figurant sur le site de <em>Fran\u00e7ois Bogaert Editions.<\/em><\/p>\n\n\n\n<p>Il est interdit \u00e0 l\u2019acheteur de faire du commerce de quelque mani\u00e8re que ce soit avec les produits figurant sur le site ou sur la base de produits \u00e9labor\u00e9s gr\u00e2ce aux produits figurant sur le site.<\/p>\n\n\n\n<p>En achetant un produit immat\u00e9riel repr\u00e9sentant une partition musicale au format num\u00e9rique, l\u2019acheteur s\u2019engage \u00e0 :&nbsp;<\/p>\n\n\n\n<p>\u2022 Imprimer la partition uniquement le nombre de fois que l\u2019en a autoris\u00e9 son achat, et comme stipul\u00e9 sur la partie basse et droite de chaque page de la partition.<\/p>\n\n\n\n<p>\u2022 Ne pas redistribuer la partition ou toute partie de la partition, dans n\u2019importe quel format que ce soit, \u00e0 des fins commerciales ou dans tout autre but<\/p>\n\n\n\n<p>\u2022 Ne pas changer, \u00e9diter ou modifier la partition d\u2019une quelconque mani\u00e8re.<\/p>\n\n\n\n<p>L\u2019acheteur ne peut pas, directement ou indirectement, diffuser, vendre, louer, pr\u00eater, donner, fournir une copie (num\u00e9rique ou papier) ou permettre l\u2019utilisation des produits immat\u00e9riels figurant sur le site de <em>Fran\u00e7ois Bogaert Editions<\/em> \u00e0 quiconque.<\/p>\n\n\n\n<p><strong>Article 9 : Informations Nominatives et Confidentialit\u00e9&nbsp;<\/strong><\/p>\n\n\n\n<p>Le renseignement des informations nominatives collect\u00e9es dans le cadre de la vente \u00e0 distance est obligatoire, ces informations \u00e9tant n\u00e9cessaires pour le traitement et la livraison des commandes ainsi que pour l\u2019\u00e9tablissement des factures. Ces informations sont strictement confidentielles. Le d\u00e9faut de renseignement implique le rejet automatique de la commande.&nbsp;<\/p>\n\n\n\n<p><em>Fran\u00e7ois Bogaert Editions <\/em>s\u2019engage \u00e0 ne pas divulguer \u00e0 des tiers les informations nominatives de l\u2019utilisateur. Celles-ci sont confidentielles. Elles ne seront utilis\u00e9es par les services internes de la soci\u00e9t\u00e9 pour le traitement de votre commande et pour renforcer et personnaliser la communication, notamment par la newsletter.<\/p>\n\n\n\n<p><strong>Article 10 : Int\u00e9gralit\u00e9 du Contrat&nbsp;<\/strong><\/p>\n\n\n\n<p>Les pr\u00e9sentes Conditions G\u00e9n\u00e9rales et le r\u00e9capitulatif de commande transmis \u00e0 l\u2019acheteur forment un ensemble contractuel et constituent l\u2019int\u00e9gralit\u00e9 des relations contractuelles intervenues entre les parties.<\/p>\n\n\n\n<p>En cas de contradiction entre ces documents, les Conditions G\u00e9n\u00e9rales pr\u00e9vaudront.<\/p>\n","protected":false},"excerpt":{"rendered":"<p>Pr\u00e9ambule :&nbsp; Le site internet de Fran\u00e7ois Bogaert Editions est un site de commerce \u00e9lectronique accessible par le r\u00e9seau Internet \u00e0 l\u2019adresse www.francoisbogaerteditions.com. Il est ouvert \u00e0 tous. Le site&hellip; <\/p>\n","protected":false},"author":1,"featured_media":0,"parent":0,"menu_order":0,"comment_status":"closed","ping_status":"open","template":"","meta":{"footnotes":""},"class_list":["post-3","page","type-page","status-publish","hentry"],"_links":{"self":[{"href":"https:\/\/francoisbogaerteditions.com\/index.php?rest_route=\/wp\/v2\/pages\/3","targetHints":{"allow":["GET"]}}],"collection":[{"href":"https:\/\/francoisbogaerteditions.com\/index.php?rest_route=\/wp\/v2\/pages"}],"about":[{"href":"https:\/\/francoisbogaerteditions.com\/index.php?rest_route=\/wp\/v2\/types\/page"}],"author":[{"embeddable":true,"href":"https:\/\/francoisbogaerteditions.com\/index.php?rest_route=\/wp\/v2\/users\/1"}],"replies":[{"embeddable":true,"href":"https:\/\/francoisbogaerteditions.com\/index.php?rest_route=%2Fwp%2Fv2%2Fcomments&post=3"}],"version-history":[{"count":2,"href":"https:\/\/francoisbogaerteditions.com\/index.php?rest_route=\/wp\/v2\/pages\/3\/revisions"}],"predecessor-version":[{"id":456,"href":"https:\/\/francoisbogaerteditions.com\/index.php?rest_route=\/wp\/v2\/pages\/3\/revisions\/456"}],"wp:attachment":[{"href":"https:\/\/francoisbogaerteditions.com\/index.php?rest_route=%2Fwp%2Fv2%2Fmedia&parent=3"}],"curies":[{"name":"wp","href":"https:\/\/api.w.org\/{rel}","templated":true}]}}